he prime factors of 5148721.
5148721
What are the prime factors of 169747?
199, 853
What are the prime factors of 827317?
19, 43543
What are the prime factors of 14416007?
14416007
What are the prime factors of 67090?
2, 5, 6709
What are the prime factors of 21133666?
2, 10566833
What are the prime factors of 1416309?
3, 472103
List the prime factors of 57285.
3, 5, 19, 67
List the prime factors of 17586854.
2, 421, 20887
What are the prime factors of 5433015?
3, 5, 7, 59, 877
What are the prime factors of 64345?
5, 17, 757
List the prime factors of 13511482.
2, 6755741
What are the prime factors of 12154735?
5, 2430947
What are the prime factors of 43926?
2, 3, 7321
What are the prime factors of 190966?
2, 95483
List the prime factors of 9710183.
7, 53, 3739
List the prime factors of 295571.
295571
What are the prime factors of 1378844?
2, 61, 5651
What are the prime factors of 1907669?
1907669
What are the prime factors of 29779512?
2, 3, 7, 17, 10427
What are the prime factors of 2889506?
2, 1444753
What are the prime factors of 4359406?
2, 31, 70313
What are the prime factors of 278969?
31, 8999
List the prime factors of 20671627.
20671627
What are the prime factors of 4557869?
1423, 3203
List the prime factors of 1433134.
2, 17, 61, 691
What are the prime factors of 495201?
3, 7, 23581
List the prime factors of 1448599.
31, 83, 563
What are the prime factors of 18172338?
2, 3, 149, 20327
List the prime factors of 15818468.
2, 3954617
What are the prime factors of 748149?
3, 249383
List the prime factors of 8990592.
2, 3, 13, 1801
What are the prime factors of 2798968?
2, 349871
What are the prime factors of 4113313?
89, 113, 409
List the prime factors of 12809383.
73, 227, 773
What are the prime factors of 5426223?
3, 11, 164431
What are the prime factors of 549717?
3, 7, 26177
List the prime factors of 18817895.
5, 17, 269, 823
List the prime factors of 1347279.
3, 449093
List the prime factors of 5817158.
2, 2908579
What are the prime factors of 1746885?
3, 5, 7, 127, 131
List the prime factors of 8547705.
3, 5, 189949
List the prime factors of 1225508.
2, 306377
What are the prime factors of 193227?
3, 29, 2221
List the prime factors of 228542.
2, 229, 499
What are the prime factors of 3120794?
2, 971, 1607
List the prime factors of 4837528.
2, 37, 59, 277
List the prime factors of 166629.
3, 67, 829
What are the prime factors of 2421269?
269, 9001
List the prime factors of 649610.
2, 5, 13, 19, 263
What are the prime factors of 297791?
13, 22907
What are the prime factors of 102142?
2, 51071
List the prime factors of 13881830.
2, 5, 1388183
List the prime factors of 433737.
3, 48193
List the prime factors of 11405.
5, 2281
What are the prime factors of 1685133?
3, 187237
What are the prime factors of 253092?
2, 3, 7, 23, 131
What are the prime factors of 49022?
2, 127, 193
What are the prime factors of 26259?
3, 8753
What are the prime factors of 3100?
2, 5, 31
What are the prime factors of 17262338?
2, 59, 146291
What are the prime factors of 13679179?
13679179
List the prime factors of 419220.
2, 3, 5, 17, 137
List the prime factors of 254034.
2, 3, 11, 1283
What are the prime factors of 1150744?
2, 7, 20549
What are the prime factors of 15080100?
2, 3, 5, 7, 43, 167
List the prime factors of 17979531.
3, 79, 107, 709
List the prime factors of 322001.
322001
List the prime factors of 5543325.
3, 5, 71, 347
What are the prime factors of 10314085?
5, 59, 34963
List the prime factors of 2195525.
5, 53, 1657
List the prime factors of 2624644.
2, 11, 59651
List the prime factors of 154814.
2, 11, 31, 227
List the prime factors of 782097.
3, 19, 13721
List the prime factors of 4298925.
3, 5, 31, 43
What are the prime factors of 629668?
2, 13, 12109
List the prime factors of 323528.
2, 37, 1093
What are the prime factors of 36833?
36833
List the prime factors of 4475095.
5, 97, 9227
What are the prime factors of 408973?
43, 9511
What are the prime factors of 1756240?
2, 5, 29, 757
List the prime factors of 668116.
2, 19, 59, 149
List the prime factors of 25492342.
2, 12746171
What are the prime factors of 210173?
210173
List the prime factors of 3785984.
2, 23, 643
What are the prime factors of 893735?
5, 37, 4831
List the prime factors of 18800362.
2, 7, 1342883
List the prime factors of 71817.
3, 37, 647
List the prime factors of 1290126.
2, 3, 53, 4057
List the prime factors of 276523.
13, 89, 239
List the prime factors of 3441347.
7, 13, 2909
What are the prime factors of 163594?
2, 157, 521
List the prime factors of 6739385.
5, 1347877
List the prime factors of 2222193.
3, 73, 139
What are the prime factors of 402164?
2, 7, 53, 271
List the prime factors of 28006320.
2, 3, 5, 61, 1913
What are the prime factors of 548261?
7, 67, 167
What are the prime factors of 251003?
251003
List the prime factors of 5051970.
2, 3, 5, 7, 11
List the prime factors of 4181815.
5, 11, 139, 547
What are the prime factors of 262752?
2, 3, 7, 17, 23
List the prime factors of 2755779.
3, 13, 19, 3719
What are the prime factors of 15331284?
2, 3, 425869
What are the prime factors of 5295173?
13, 407321
What are the prime factors of 20563676?
2, 7, 17, 43201
List the prime factors of 20986.
2, 7, 1499
What are the prime factors of 839396?
2, 173, 1213
List the prime factors of 9053937.
3, 19, 37, 53
What are the prime factors of 1662098?
2, 307, 2707
List the prime factors of 777704.
2, 97213
List the prime factors of 3179242.
2, 11, 144511
What are the prime factors of 1887832?
2, 235979
List the prime factors of 21574490.
2, 5, 7, 89, 3463
List the prime factors of 1635918.
2, 3, 37, 7369
List the prime factors of 3106024.
2, 388253
List the prime factors of 252740.
2, 5, 12637
List the prime factors of 372719.
372719
What are the prime factors of 673669?
673669
What are the prime factors of 885212?
2, 221303
List the prime factors of 2746825.
5, 109873
What are the prime factors of 1734018?
2, 3, 11, 13, 43, 47
What are the prime factors of 6421275?
3, 5, 7, 151
List the prime factors of 461759.
277, 1667
List the prime factors of 267311.
11, 19, 1279
What are the prime factors of 30894005?
5, 557, 11093
List the prime factors of 11322152.
2, 193, 7333
List the prime factors of 754867.
47, 16061
List the prime factors of 1595155.
5, 319031
What are the prime factors of 2939668?
2, 31, 151, 157
What are the prime factors of 1084753?
17, 63809
What are the prime factors of 16481299?
523, 31513
List the prime factors of 1051240.
2, 5, 41, 641
List the prime factors of 450552.
2, 3, 18773
What are the prime factors of 20927101?
13, 123829
List the prime factors of 1638763.
7, 193, 1213
List the prime factors of 417095.
5, 7, 17, 701
What are the prime factors of 364347?
3, 40483
List the prime factors of 2285682.
2, 3, 7, 54421
List the prime factors of 131123.
23, 5701
List the prime factors of 395159.
395159
What are the prime factors of 836255?
5, 7, 23893
List the prime factors of 152245.
5, 30449
List the prime factors of 457326.
2, 3, 941
What are the prime factors of 7604845?
5, 19, 80051
What are the prime factors of 18245474?
2, 13, 73, 9613
What are the prime factors of 78166?
2, 11, 17, 19
What are the prime factors of 4730853?
3, 1576951
What are the prime factors of 208274?
2, 11, 9467
What are the prime factors of 7674752?
2, 17, 3527
What are the prime factors of 33088942?
2, 29, 570499
List the prime factors of 236810.
2, 5, 7, 17, 199
List the prime factors of 4674792.
2, 3, 109, 1787
What are the prime factors of 21156033?
3, 7052011
What are the prime factors of 19059436?
2, 11, 53, 743
What are the prime factors of 3379716?
2, 3, 269, 349
What are the prime factors of 1058691?
3, 359, 983
What are the prime factors of 756628?
2, 43, 53, 83
List the prime factors of 3431828.
2, 857957
What are the prime factors of 340315?
5, 29, 2347
What are the prime factors of 2859409?
7, 31, 13177
List the prime factors of 22845540.
2, 3, 5, 349, 1091
What are the prime factors of 13902471?
3, 11, 19, 389
List the prime factors of 300363.
3, 7, 14303
List the prime factors of 3661509.
3, 19, 64237
What are the prime factors of 11564437?
17, 97, 7013
What are the prime factors of 95210?
2, 5, 9521
What are the prime factors of 1198357?
229, 5233
Lis